Let u(t) = 12*t**2 - r - 6*t - 11*t**2 + 0. What is u(4)?
-9
Let k = -45 + 65. Let p(q) = 11 + q**2 + k - 25 - 7*q. Give p(6).
0
Let k(i) = 2*i**2 + 47*i + 25. Let u be k(-23). Suppose 0 = o - 2*p - 1, u*p = 8*o - 6*o. Let y(b) = -10*b**3 + b**2 - b - 1. Determine y(o).
11
Let k(w) = 4*w**3 - w**2 - 2*w - 1. Suppose -4*c + 59 = 63. Determine k(c).
-4
Let a = -650 - -643. Let s(r) = r**2 + 9*r + 6. What is s(a)?
-8
Let m(b) = b**2 + 4. Let f be m(-4). Let j = 33 - f. Suppose 0 = 3*s - j + 1. Let i(r) = -2*r + 5. Determine i(s).
-3
Let q(i) be the first derivative of -11*i**6/60 + i**5/30 - i**4/12 + i**3/6 - 15*i**2/2 - 7. Let l(w) be the second derivative of q(w). Give l(1).
-21
Let s(g) = -5*g + 11. Let n(z) = 3*z - 6. Let v(y) = 7*n(y) + 4*s(y). Give v(-1).
1
Let j(c) = c**3 - 7*c**2 + 5*c + 5. Suppose 0 = -5*z + 7*v - 3*v + 38, 2*z + 2*v = 8. Determine j(z).
-1
Let o(n) = 3*n**2 - 6*n - 4. Let s(a) = 7*a**2 + 2. Let t(j) = -4*j**2 - 1. Let h(w) = -3*s(w) - 5*t(w). Let q(f) = 2*h(f) + o(f). What is q(5)?
-11
Let g(q) = -2*q**3 - q**2 - q. Let w be g(-1). Suppose 2*h = w*a - 36, 3*h - 40 = 8*h + 5*a. Let i = h + 13. Let f(p) = -p**2 + p + 4. Determine f(i).
4
Let v(c) = c**3 - 13*c**2 + 39*c + 20. Let n be v(6). Let i(t) be the first derivative of 3*t**2/2 - 1. Calculate i(n).
6
Suppose 5*t + 80 = -5*t. Let j(n) = n**2 + 11*n - 1. What is j(t)?
-25
Let k(q) = 6*q**3 + q**2 + q + 15. Let w(x) = 5*x**3 + 2*x**2 + 14. Let t(d) = -4*k(d) + 5*w(d). What is t(-7)?
-11
Let y(z) = -z**3 + 7*z**2 + 8*z - 5. Let p = -198 - -206. What is y(p)?
-5
Let c(o) = o**3 - 10*o**2 - 12*o - 15. Let f = 272 - 261. Determine c(f).
-26
Let x(w) = -5*w - 8. Let g = -622 - -628. Calculate x(g).
-38
Suppose 6 = 7*v - 57. Let j = 4 + 0. Suppose 5*u + j = v*u. Let d(f) = 6*f + 1. Determine d(u).
7
Let i(h) = h - 6. Let z be i(10). Suppose x = -z + 11. Let b(p) = 7 - 1 - p - x. Give b(-5).
4
Suppose -35*m + 9*m = 130. Let n(a) = a**3 + 3*a**2 - 5*a + 12. Give n(m).
-13
Let i(k) = 2*k**2 - 8*k - 19. Let w(p) = -p**2 + 4*p + 10. Let n(h) = -3*i(h) - 5*w(h). What is n(6)?
-5
Let x(m) = -5*m - 24 + 18 + 25728*m**2 - 25727*m**2. Suppose 3 = 3*v + 4*r, -2*r = 5*v + r - 16. Give x(v).
-6
Let u(l) = 8 + l - l - l - 3*l. Let f(h) = -3*h + 7. Let y(k) = -6*f(k) + 5*u(k). Give y(-6).
10
Let j = -583 + 587. Let s(x) = -x**2 + 4*x - 5. Calculate s(j).
-5
Let s(m) = -m**3 - 8*m**2 - m - 8. Let y be 12/30 - 74/10 - 1. Give s(y).
0
Let f(c) = 33*c - 37*c + 27*c**2 - 28*c**2 - 4. Suppose 5 = -2*p - 3. Calculate f(p).
-4
Let y(w) = 7*w. Let r(j) = -8*j. Let z(n) = -5*r(n) - 6*y(n). Suppose -10 = 3*d + 2. Calculate z(d).
8
Let w(n) = -2*n - 4. Let u be (-1 - 3/(-1))/((-4)/2). Let c be w(u). Let g(v) = 2*v**3 + 2*v**2 - 3*v - 2. Determine g(c).
-4
Let p(g) = 16 - 9*g - 29 + 12. Give p(-1).
8
Let n(z) = -2*z**3 - 10*z**2 + z. Suppose 5*p + 45 = 4*s, -25*s + 45 = -4*p - 20*s. What is n(p)?
-5
Let w(a) be the second derivative of a**3/6 + a**2/2 + 2*a. Let b be w(-1). Let z(g) = b*g**3 - g**3 - 9 - 2*g**2 - g + 3 + 3*g**2. Give z(0).
-6
Let l(x) = -x**2 - 391*x**3 + 2*x - 8*x + 390*x**3 + 10*x. Suppose -2*j - 3 = -j. Give l(j).
6
Let k be 20/6 - (-2)/(-6). Let q(u) = -4*u - 3*u + 0*u - u**k - 7*u**2 - 6. Let p(i) = -2*i + 30. Let l be p(18). Calculate q(l).
0
Let t(m) = -6*m - 2*m**2 - 4 + 7*m - 4*m**3 + 3*m. Let p(s) = s**3 - s + 1. Let j(q) = -5*p(q) - t(q). Calculate j(3).
-7
Let v(a) = a - 11. Let j be v(17). Let k(b) = -b**2 + 5*b - 7. Calculate k(j).
-13
Let a = 70 + -46. Let u = -19 + a. Suppose u*g + 3*r - 6 = 2, 5 = 5*r. Let p(c) = c**3 + c**2. What is p(g)?
2
Let o(p) = -2 + 58*p**3 + p - 2*p - 53*p**3 + 2*p**2. Let n be o(-1). Let t(r) = -r**2 - 7*r - 6. What is t(n)?
6
Let v(m) be the first derivative of -m**3/3 + 9*m**2/2 + 7*m + 222. Calculate v(8).
15
Let f(x) be the second derivative of -1/8*x**4 + 2/3*x**3 + 0*x**2 + 1/360*x**6 + 0 + 1/40*x**5 - x. Let y(b) be the second derivative of f(b). What is y(-3)?
-3
Let p(w) = -w**2 + w - 1. Suppose -4*z + 24 = -z. Let n = z + -4. Let i be (2 - n) + (-12)/(-3). Give p(i).
-3
Let v(q) = -2*q - 33 + 14 + 18. Calculate v(10).
-21
Let j(f) = f**2 - 9*f + 10. Suppose -x + 8 = 3*o, 5*o + x - 10 - 2 = 0. Suppose 0 = -o*s + 1 + 13. Determine j(s).
-4
Let u(c) = c**3 - 21*c**2 - 4*c + 91. Let i be u(21). Let a(f) be the first derivative of 5*f - 1/3*f**3 + 2*f**2 - i. Give a(4).
5
Let c(j) = -j**3 + 3*j**2 - j - 2. Let u be (-72)/(-9) - 1*4. Suppose -2 + 0 = m - u*i, -16 = -m - 2*i. Let l(w) = w**2 - 10*w + 2. Let q be l(m). What is c(q)?
0
Let l(w) = 2 + 5 - 112*w + 111*w. Let s be l(3). Suppose 4*u - 28 = -4*v, s*v = -2*u + 34 - 12. Let h(m) = -m + 4. What is h(v)?
0
Let a(c) be the second derivative of 0*c**4 - 1/20*c**5 + 0 - 2*c - 5/2*c**2 - 1/6*c**3. Suppose 3*g + 4*r = -16, -3*g - 8 = -0*g + 2*r. What is a(g)?
-5
Let p(u) = u - 7. Let x(c) = c - 8. Let a(o) = -5*p(o) + 4*x(o). Suppose 0 = -3*d + 4*l, -3*d + 0*l = -l. Suppose 4*q = -f + 10, -2*q + 10 = 3*f - d. Give a(q).
1
Let y(g) = 2*g**2 - 12*g - 10. Let a be y(6). Let v(h) = -h**2 - 11*h - 7. Calculate v(a).
3
Suppose 5*q = 3*a + 2, 4*a - 42 = -a - 3*q. Let h(i) = -i + 7. Let b(z) = 15 - 10 - 4 - 2. Let l(c) = -4*b(c) + h(c). Calculate l(a).
5
Let r(k) = k**2 - 3*k + 4. Let i = 483 - 479. Give r(i).
8
Let m(v) = 2*v - 10 + 6173*v**2 - 6174*v**2 + 8*v. Give m(10).
-10
Let v(i) = -2*i**2 - 6*i - 5. Suppose -5*f - 61*h + 60*h - 18 = 0, 0 = 5*h - 10. Calculate v(f).
-13
Let f(z) = z**3 + 2*z**2 - z + 1. Let j be f(-2). Let d be j*(-2 + (0 - -3)). Let k(r) = 0 + 0 + 4*r - d - r**2 + 7. Determine k(4).
4
Suppose -2*h - 4*d - 27 = 67, -d + 35 = -h. Let u = -40 - h. Let s(k) = 2*k. What is s(u)?
-2
Let c(d) = d**3 - 4*d**2 + 4*d - 3. Let l = 13 - 9. Suppose l*f - 1 = 11. Let o be c(f). Let t(m) = -m**3 - m**2 + m - 6. Calculate t(o).
-6
Let l(k) = 2*k**3 + 21*k**2 - 20*k + 15. Let w(t) = -5*t**3 - 42*t**2 + 40*t - 33. Let i(v) = 7*l(v) + 3*w(v). What is i(20)?
6
Let g(f) = -f**3 + 6*f**2 - 1. Let y = -10 + 31. Let o = y + -15. Determine g(o).
-1
Let p(t) = t + 4. Let y(l) = -2*l - 8. Let i(f) = 7*p(f) + 3*y(f). Let b(d) = 3 - 3 + 5. Let h(r) = -3*b(r) + 2*i(r). Determine h(6).
5
Let j(s) = s**3 + 2*s**2 - s + 2. Let y = 56 - 53. Give j(y).
44
Suppose 2*h = m + 2 + 2, -3*m = 3*h - 15. Let c(d) = -2*d + 7. Let v be c(6). Let x = v + m. Let t(n) = n**3 + 3*n**2 - 4. Calculate t(x).
-4
Let x(y) = 11*y - 10. Let t(v) = v. Let r(q) = 4*t(q) - x(q). Give r(7).
-39
Let z = -904 + 912. Let l(v) = -v**3 + 7*v**2 + 9*v + 1. Determine l(z).
9
Let w(l) be the third derivative of -1/20*l**6 + 0*l + 0*l**3 + 0*l**4 + 0 + 16*l**2 + 1/60*l**5. Calculate w(1).
-5
Let l = 14 + -11. Let h(s) = -6 + 4*s**3 - s + 10*s**l + 6. Let c(g) = -g**2 - 4*g + 6. Let q be c(-5). Determine h(q).
13
Let p be (-11 - -9 - (-5 - -2))*0. Let o(d) = d**2 + d + 8. What is o(p)?
8
Let f(j) = -4*j**2 + 6*j - 7. Let g(b) be the third derivative of -b**5/12 + b**4/4 - 4*b**3/3 - 12*b**2. Let l(n) = -4*f(n) + 3*g(n). What is l(5)?
-1
Let v(l) = l**3 + 20*l**2 + 20*l + 13. Suppose -5*f - b = 100, 9*f + 3*b = 5*f - 91. Determine v(f).
-6
Let m(j) be the first derivative of j**3/3 + 9*j**2/2 - 7*j - 480. What is m(-5)?
-27
Let q(w) = 2*w**2 + 3*w + 2. Let d(y) be the first derivative of 5/2*y**2 - 5 - 2/3*y**3 - 4*y. Let o be d(2). Determine q(o).
4
Suppose 3 + 9 = 2*j. Let v(b) = b**2 + 1. Let t(h) = -7*h**2 - 7*h - 2. Let w(n) = j*v(n) + t(n). Give w(-7).
4
Let d(l) = -27*l**3 + 5*l + 79. Let x(m) = 5*m**3 - m - 16. Let v(a) = 2*d(a) + 11*x(a). What is v(0)?
-18
Let h(q) be the second derivative of q**4/12 - q**3/2 - 7*q**2/2 - 52*q. Determine h(6).
11
Let u(v) = -v**3 - v**2 + 2*v - 3. Let o be (-22)/6 + (-13)/(78/(-4)). What is u(o)?
9
Let r be (-2 - 0)/2 + 2. Let j be ((r - -1) + -5)/1. Let v(x) = -x - 1. Let z(i) = -5*i - 5. Let b(p) = 2*v(p) - z(p). What is b(j)?
-6
Let i(g) be the first derivative of -g**2/2 + 3*g - 8. Let r be 0/((4 + 12)/4). Calculate i(r).
3
Suppose 0 = -0*d + 4*d - 8. Suppose -5*a + 73 = -7. Let t(j) = 10*j + 0 - d - a*j. Determine t(2).
-14
Let i(g) = -2 + 0*g + 2*g + 1 + 3 + 4*g**3 - 4 - 16*g**2. Determine i(4).
6
Let k(g) be the first derivative of 0*g + 9 + 7/6*g**3 - 1/12*g**4 - 3*g**2. Let c(a) be t